sor of 474 and 2247?
3
Calculate the highest common divisor of 4139421 and 2145.
429
Calculate the greatest common factor of 702 and 219294.
54
What is the greatest common factor of 25344 and 48125088?
3168
What is the highest common factor of 45 and 867064545?
45
What is the greatest common factor of 252 and 575500212?
252
Calculate the highest common divisor of 40831589 and 38.
19
What is the greatest common factor of 239955 and 2686?
17
What is the greatest common factor of 45 and 12401565?
15
Calculate the highest common divisor of 35074 and 6345128.
142
Calculate the greatest common divisor of 72 and 68375052.
36
Calculate the highest common divisor of 108048 and 152.
8
Calculate the highest common divisor of 2175248 and 1274720.
4112
What is the greatest common factor of 145647 and 720?
9
Calculate the highest common divisor of 5093337 and 6.
3
Calculate the highest common factor of 104 and 121824.
8
Calculate the greatest common factor of 69 and 30405264.
69
What is the greatest common factor of 1961559 and 94671?
603
What is the highest common divisor of 2083898 and 4?
2
What is the highest common divisor of 704 and 652124352?
704
Calculate the highest common divisor of 108594272 and 57.
19
What is the greatest common divisor of 1163243 and 259?
37
What is the highest common factor of 1888896 and 2496?
192
Calculate the greatest common divisor of 367648 and 7728.
16
What is the highest common factor of 986 and 29191516?
986
Calculate the highest common divisor of 47 and 451293859.
47
What is the highest common divisor of 14772747 and 627?
627
What is the greatest common factor of 70 and 40703110?
70
What is the highest common factor of 77140 and 128716?
28
What is the greatest common divisor of 25234 and 2569280?
2294
Calculate the greatest common divisor of 801782 and 10563.
503
Calculate the highest common divisor of 27841 and 4576.
11
Calculate the highest common divisor of 3168270 and 140.
70
What is the highest common divisor of 405447651 and 2043?
2043
Calculate the greatest common divisor of 38631440 and 32150.
6430
Calculate the highest common divisor of 102695529 and 10539.
3513
What is the highest common divisor of 2225682 and 2286?
18
What is the highest common divisor of 8983317 and 267099?
3381
Calculate the greatest common factor of 18389659 and 203783.
7027
Calculate the highest common divisor of 475426765 and 33.
11
Calculate the highest common factor of 243 and 515880.
9
What is the greatest common divisor of 76339848 and 234?
78
Calculate the highest common factor of 948 and 27538926.
474
Calculate the highest common divisor of 286 and 9585719.
143
Calculate the highest common factor of 1235187 and 9396313.
1933
Calculate the greatest common divisor of 10 and 307137860.
10
Calculate the highest common divisor of 11925198 and 1062.
1062
Calculate the highest common factor of 675 and 49830.
15
What is the greatest common divisor of 1169 and 199535441?
1169
Calculate the highest common factor of 1250 and 1310600.
50
Calculate the highest common divisor of 5580865 and 520.
5
What is the greatest common factor of 6988865 and 125476?
247
Calculate the greatest common divisor of 669892 and 3.
1
Calculate the highest common factor of 6 and 971770.
2
What is the highest common divisor of 138602 and 5254?
74
Calculate the highest common factor of 837 and 1057023.
27
What is the greatest common divisor of 7045 and 2155?
5
What is the greatest common divisor of 19750 and 72615?
5
Calculate the greatest common factor of 5573460 and 3420.
1140
What is the highest common factor of 1024498326 and 11406?
11406
Calculate the greatest common factor of 220583244 and 336.
84
Calculate the greatest common divisor of 1495 and 11257580.
115
Calculate the highest common factor of 49637729 and 1669.
1669
What is the highest common factor of 228 and 48040683?
57
Calculate the greatest common divisor of 17963071 and 4277.
329
Calculate the greatest common factor of 145050 and 64290995.
4835
What is the greatest common divisor of 3372 and 248172?
12
What is the greatest common factor of 63950 and 8600?
50
Calculate the greatest common factor of 747114 and 96906.
3126
Calculate the highest common factor of 675860 and 560.
20
Calculate the greatest common divisor of 30602 and 2187614.
286
What is the greatest common factor of 225153 and 212040?
279
Calculate the greatest common factor of 1145200 and 76720.
560
What is the greatest common factor of 3703 and 14298341?
529
What is the highest common divisor of 17548925 and 375?
25
Calculate the highest common factor of 661760 and 1173590.
5170
Calculate the highest common factor of 123948 and 216018.
198
Calculate the greatest common divisor of 15 and 124275845.
5
Calculate the highest common factor of 57891 and 251367.
69
Calculate the greatest common factor of 1145354 and 359996.
322
What is the highest common factor of 7980036 and 46?
2
What is the highest common factor of 9 and 5061951?
9
What is the highest common factor of 798 and 1392054?
114
What is the greatest common divisor of 170126 and 313353?
37
Calculate the highest common divisor of 66 and 3381268.
22
What is the greatest common divisor of 2213851 and 8662?
71
What is the highest common factor of 5693600 and 16500?
1100
Calculate the greatest common divisor of 6212 and 288923226.
3106
What is the highest common factor of 28359 and 519093?
1233
Calculate the greatest common divisor of 4636248 and 1656.
552
Calculate the greatest common divisor of 50697314 and 5306.
758
Calculate the greatest common divisor of 54 and 35360118.
54
Calculate the highest common divisor of 6019871 and 39.
13
What is the highest common factor of 22 and 306515121?
11
Calculate the highest common divisor of 22111244 and 25612.
1348
Calculate the greatest common factor of 1165215 and 45.
15
What is the greatest common divisor of 1502048 and 4288?
32
Calculate the highest common factor of 190456 and 1165080.
1064
Calculate the highest common factor of 682 and 1790382.
22
What is the highest common divisor of 414 and 441486?
18
What is the highest common factor of 1721329 and 7571?
113
Calculate the greatest common factor of 32256 and 932352.
1536
What is the greatest common divisor of 7170 and 161220?
30
Calculate the highest common divisor of 188995031 and 4657.
4657
Calculate the greatest common divisor of 12 and 4732972.
4
Calculate the highest common factor of 11283546 and 24.
6
Calculate the highest common factor of 1188 and 3870987516.
1188
What is the greatest common divisor of 2320 and 6304640?
80
What is the greatest common divisor of 1577 and 9915359?
19
What is the highest common factor of 70406393 and 202?
101
Calculate the greatest common factor of 27534 and 48204.
78
Calculate the greatest common divisor of 1392589 and 134723.
677
Calculate the highest common factor of 152 and 6892268.
4
What is the greatest common factor of 504979891 and 11609?
11609
Calculate the greatest common divisor of 824 and 519187156.
412
What is the highest common divisor of 280 and 47710110?
70
Calculate the highest common factor of 11524647 and 2419.
59
What is the highest common divisor of 10933550 and 68?
34
What is the highest common divisor of 119375 and 1433837?
191
Calculate the greatest common factor of 64 and 7077328.
16
What is the highest common divisor of 118 and 30055603?
59
Calculate the highest common factor of 1785 and 1502655.
105
Calculate the highest common factor of 7936 and 586208.
32
Calculate the greatest common divisor of 350 and 286566175.
175
Calculate the greatest common factor of 3249 and 91304481.
1083
What is the highest common divisor of 1050 and 63334425?
525
Calculate the greatest common factor of 174960 and 155304.
216
Calculate the highest common factor of 8520230 and 2720.
170
Calculate the highest common factor of 129 and 10246857.
129
What is the highest common divisor of 480 and 5988?
12
Calculate the highest common factor of 12604 and 445524.
548
What is the highest common divisor of 145206872 and 2752?
344
Calculate the greatest common divisor of 5112530 and 103390.
2110
Calculate the greatest common divisor of 100 and 120400450.
50
Calculate the greatest common factor of 193 and 2944408.
193
What is the greatest common diviso